132. Let n(o) = -o - 9. Let s be n(-7). Let j be (-2)/(-4 - s) + 1. What is the highest common divisor of j and x?
2
Suppose -26*g + 28*g - 60 = 0. Suppose 3*b = -2*o + 56, -7 = o - b - g. Calculate the highest common divisor of o and 10.
5
Let l = 29 + 3. Let h = l - -14. Let j be 4*h*(-3)/(-24). What is the greatest common divisor of 161 and j?
23
Let c(f) = f**3 + 6*f**2 - 4*f - 16. Let b be c(-5). What is the greatest common factor of b and 87?
29
Let b(u) be the third derivative of 11*u**5/60 + u**4/8 - 3*u**3/2 - 40*u**2. Let q be b(-4). Calculate the greatest common divisor of q and 62.
31
Suppose 0 = -19*s + 42*s - 1449. What is the greatest common divisor of 9 and s?
9
Suppose 12 = 2*z + z. Suppose z*k + 108 = 7*k. Calculate the greatest common divisor of k and 24.
12
Suppose -4*w = -13*w + 189. Let k = 3 + 1. Suppose k*q - 4*v - 32 = 44, 5*v - 94 = -4*q. What is the greatest common divisor of w and q?
21
Let n = 2 + 24. Suppose -2*h + 5*c = -30, 2*h - c - n = 3*c. Suppose -3*x + 15 = -0*g + 3*g, h*g = -3*x + 17. Calculate the greatest common divisor of 28 and x.
4
Suppose 0 = -w - 4*h - 16, 23 = 2*w - 5*h + 2*h. Suppose -w*r + 20 = 4*v, r - 5*r - 5*v + 17 = 0. Calculate the greatest common divisor of r and 64.
8
Let v be (-2)/(-3)*44919/42. What is the greatest common factor of 62 and v?
31
Let s be -1 - (-1 + 2 + -4). Let v = 5 - s. Suppose 127 = 5*a + 132, 3*y = 3*a + 84. Calculate the highest common divisor of y and v.
3
Suppose -23*t + 18*t = 0. Suppose -16*h + 19*h - 42 = t. Calculate the highest common factor of h and 14.
14
Let u be ((-40)/(-14))/(22/77). What is the greatest common factor of 90 and u?
10
Suppose 0 = -2*j - 2*j + 152. Suppose 5*u - j + 13 = 0. Let w be 8 - (-5)/(5/(-3)). What is the greatest common factor of w and u?
5
Let l be 0/1 - (-9 - -1). Let b(u) = -141*u + 2687. Let p be b(19). What is the greatest common divisor of l and p?
8
Let p be (-3 - 16/(-4))*(-1 - -4). Suppose v - 64 = -3*v + p*i, v = 2*i + 16. Calculate the highest common divisor of v and 48.
16
Let b be (-3 + -2)*(4 + -6). Suppose 0 = -r + z + b, 0 = -5*z - 21 - 4. Suppose i - 26 = r. What is the greatest common factor of 341 and i?
31
Let h = 2 + 0. Suppose 0 = -3*t + 3*m - 6, -4*t + 0*m = h*m - 10. Let i be t/(12/4 + -2). What is the highest common factor of 4 and i?
1
Suppose 2*w - 76 = 3*g, 152 = 10*w - 6*w + 3*g. What is the greatest common factor of 2 and w?
2
Let p be 60/2 + (-1)/1. Let l = p - 20. Let d = -12 - -13. What is the highest common divisor of d and l?
1
Suppose 0*y - 410 = -2*y. Let z = 332 - y. Suppose -z = -4*w - o, 3*w - 2*o = 4*w - 30. What is the highest common divisor of w and 80?
16
Let d be ((-364)/5)/(((-4)/(-10))/(-1)). What is the highest common divisor of d and 28?
14
Suppose -50*d - 109 + 1109 = 0. Calculate the greatest common divisor of d and 370.
10
Suppose -3*v - 11 = 1, p - 72 = 5*v. Let m(w) = -w**3 + w + 20. Let s be m(0). Let r = -7 + s. What is the greatest common factor of p and r?
13
Suppose -h = -0*r - 4*r - 27, -2*h = -5*r - 45. Suppose 0 = -2*n - 2 - 4, 2*g - 4*n - 24 = 0. What is the highest common divisor of g and h?
3
Suppose -135*x = -124*x - 231. What is the greatest common factor of 1113 and x?
21
Let y(j) = -4 - 4 - 4*j + 0 - j + j**2. Let l be y(8). Let d = 84 - 20. Calculate the greatest common factor of d and l.
16
Suppose -3*f = -4*k - 55, k + 0*k = -4. Suppose s = 3*l - 27, l + s - 6 = 7. Let v be 3/15 + 1428/l. Calculate the highest common factor of v and f.
13
Let b = 184 - 174. What is the highest common divisor of 50 and b?
10
Suppose 0 = -6*l - l + 70. Let i(u) = -6*u - 2. Let z be i(-2). What is the greatest common factor of z and l?
10
Suppose 50 = 5*i - 5*g, -4 = 6*g - 7*g. Calculate the highest common divisor of 1750 and i.
14
Suppose -18 = -h + 4. Suppose h*q - 17*q = 25. What is the highest common divisor of 85 and q?
5
Let t be (-8)/(-5)*(69/115 + 39/60). Suppose 0 = -3*c + 5*y + 91, 3*y + 142 = 4*c + 39. Calculate the greatest common divisor of t and c.
2
Suppose 5*i - 1630 = -2*d - 370, -5*d = i - 275. What is the greatest common factor of 30 and i?
10
Let h be ((-9)/6)/((-15)/880). Calculate the highest common divisor of h and 77.
11
Let q(y) = 24*y**2 - 2 - 39*y**2 + 16*y**2 + 4*y. Let p be q(-5). What is the highest common divisor of p and 24?
3
Suppose 31*m - 93 = -0*m. Calculate the highest common divisor of 4 and m.
1
Let q(u) = 7*u**2 - 2*u - 21. Let d be q(5). Let r be (-30 - 2)*(-1)/2. Calculate the highest common factor of r and d.
16
Suppose 0 = -g, -g - g = p - 3. Let n be 2/5 - ((-9)/5)/p. Calculate the greatest common factor of n and 11.
1
Let u(k) = 6*k + 3*k + 3 + 5*k**2 - 14*k. Let w be u(5). Suppose 0 = -2*j - 5*v + w, 3*j - 4*v - 112 = j. Calculate the highest common divisor of j and 18.
18
Suppose -45 = -4*o + h, 6*h - 20 = 10*h. Calculate the greatest common divisor of o and 75.
5
Let a be 3*(-28)/(-6) + (-6)/6. Calculate the highest common factor of 104 and a.
13
Suppose -6*w + 1100 = -w. Suppose 73 - w = -a. Suppose -a = -4*p + 249. Calculate the greatest common divisor of p and 9.
9
Let t be ((-470)/25)/((-18)/495). Calculate the highest common factor of t and 66.
11
Let l(b) = 19*b**2 - 40*b + 194. Let m be l(6). What is the highest common divisor of 55 and m?
11
Let v(d) = 30*d - 138. Let y be v(5). Calculate the highest common divisor of y and 588.
12
Suppose 76*l - 81*l + 275 = 0. What is the greatest common divisor of l and 11?
11
Let t(m) = 173*m**2 + 22*m + 45. Let s be t(-2). What is the greatest common divisor of 77 and s?
77
Let n be ((-6)/(-4))/(1*(-3)/(-504)). Calculate the highest common factor of n and 28.
28
Let k = -130 + 162. Calculate the highest common factor of k and 256.
32
Suppose 0 = -2*z - i + 8, -71 = 2*z - 2*i - 67. Let l be (-26)/(-5)*5/1. What is the greatest common divisor of z and l?
2
Let r(v) = v**2 - 2. Let w be r(-3). Suppose -h + 5 = 0, -f + w*h = 3*h + 16. Suppose -168 = -7*s + f*s. Calculate the highest common divisor of s and 14.
14
Let y be -2*(-10)/100*5. Calculate the highest common factor of 37 and y.
1
Suppose -2*c = h - 13, -h - h + 5*c = 19. Suppose 0 = -h*t + t. Suppose -6*b + 3*b + 399 = t. What is the highest common factor of 19 and b?
19
Let q(c) = -c**3 + 7*c**2 - 2*c - 19. Let w be q(6). Suppose -2*z = m + 4 - 46, z - w*m = 43. Calculate the greatest common divisor of z and 184.
23
Let z = -320 - -360. Calculate the highest common factor of 72 and z.
8
Let g = 283 + 1. Let c = -193 + g. Calculate the highest common factor of 7 and c.
7
Suppose -2*h + 5*s + 8 = 10*s, h = 3*s + 4. What is the highest common factor of 15 and h?
1
Suppose -3*x - 3*c - 11 + 44 = 0, -2*c = -8. Let p = 1172 - 1165. What is the greatest common divisor of x and p?
7
Suppose -3*k - 112 = -10*k. Let b = 271 - 159. What is the greatest common divisor of b and k?
16
Suppose 3*u + 126 = 4*n + 30, 72 = 3*n - u. Let a(w) = 3*w - 8. Let k be a(6). Let v be 4/(-3)*(-45)/k. Calculate the greatest common factor of n and v.
6
Let v(y) = 6*y**3 - 11*y**2 - 2*y - 3. Let g be v(3). What is the greatest common divisor of g and 90?
18
Suppose -s + 27 = -z, 5*z = -3*s + 40 + 49. Let r be -15*26/(-18) - 8/12. Calculate the greatest common factor of s and r.
7
Let k be (-11 - 1)*(-10)/20. Let z be 35/15 - 2/k. Suppose z*m - 172 = -46. Calculate the highest common divisor of m and 9.
9
Let d(v) = -3*v**2 + 54*v - 15. Let m be d(16). What is the greatest common divisor of m and 9?
9
Let v be (-20)/3*(-4 + 2/(-4)). Calculate the greatest common factor of v and 12.
6
Suppose -351 = -7*p + 4*p. Suppose 78 = 3*o - p. What is the greatest common divisor of o and 13?
13
Let g = -195 + 204. Let q be (-1)/(((-2)/70)/1). Suppose -q = -4*l + g. What is the highest common factor of 44 and l?
11
Suppose -3*a - 6*a = -3672. Calculate the greatest common divisor of a and 51.
51
Let d(f) = -f**2 + 8*f + 11. Let i be d(9). Suppose -i*w + 0 = -4. Suppose 45 = 2*v - z, 8 = -3*v + w*z + 76. Calculate the highest common divisor of v and 66.
22
Suppose -53*b + 33 = -42*b. What is the highest common factor of 453 and b?
3
Let v be ((-40)/50*7)/((-2)/40). What is the greatest common divisor of v and 32?
16
Suppose -4*f = 2*g - 18, 0*f + f = -3*g + 7. Let v be ((